7*h**2 - 9*h - 10. Let d(c) = 4*s(c) - 7*y(c). Suppose 2*k + 1 = -7. What is d(k)?
-2
Let q = -147 + 159. Suppose -q*r - 15 = -17*r. Let c(n) = n**3 - n**2 - 3*n - 3. What is c(r)?
6
Let s(z) = -46 - 32 + 16*z + 92 - 2595*z**2 + 2597*z**2. Determine s(-9).
32
Let b(u) be the second derivative of 3 + 0*u**2 + 10*u - 3/2*u**3. Suppose 20 = 4*v + 6*v. Determine b(v).
-18
Let w(r) = -4*r - 43. Let x be w(22). Let o = x - -128. Let k(s) = 2*s + 1. Let f(q) = 3*q + 2. Let y(b) = -5*f(b) + 7*k(b). Determine y(o).
0
Let x(z) = -2*z**3 - 6*z**2 + z - 3. Let i = 5397 + -5394. What is x(i)?
-108
Let l(a) = 2*a**2 + 49*a + 18. Let p be l(-24). Let c(y) = y - 10. Let q be c(10). Let r(m) = 0*m - m - 7 + q*m. Give r(p).
-1
Let d(m) = 0*m + 5*m - 3 - 6*m - 2*m. Let i(f) = -f**2 + 11*f - 2. Let c be i(10). What is d(c)?
-27
Let t(m) be the third derivative of -m**4/8 + 35*m**3/6 - 2*m**2. Suppose 18*a - 14*a = c + 39, 2*a = -3*c + 51. Determine t(a).
-1
Let c(i) = 10 + 5 + i**2 - 14. Let x be c(-1). Suppose 0 = -2*j - m + 16, -4*j + 5*m - x = -j. Let g(o) = o**3 - 5*o**2 - 5*o + 2. What is g(j)?
8
Let l be (-2)/2 - (22/(-7) + (-107)/(-749)). Let a(r) = 41*r + 3. What is a(l)?
85
Let c(j) = 8*j**3 + 2*j**2 + 4*j + 3. Let f(u) = u**3 + u**2 - 49*u - 95. Let o be f(-2). Give c(o).
-7
Let d(j) be the first derivative of -9*j**2 - 3*j + 10679. Give d(-1).
15
Let r(o) = -4*o + 8. Let l(s) = s**3 + 7*s**2 + 8*s + 11. Let b be l(-6). Let z(k) = k - 2. Let n(w) = b*r(w) - 2*z(w). Determine n(-5).
-14
Let a(h) be the first derivative of 13*h**4/4 - h**3/3 - h**2 + 9*h + 49. Let m(d) = -24*d**3 + d**2 + 3*d - 17. Let g(k) = 11*a(k) + 6*m(k). What is g(-2)?
-7
Let n(d) be the first derivative of 1/6*d**3 + 8 + 23*d - 7/2*d**2. Let r(m) be the first derivative of n(m). Give r(4).
-3
Let y(i) be the second derivative of -i**4/12 + i**3 + 15*i**2/2 - 2*i + 840. Calculate y(5).
20
Let q(z) be the second derivative of -4*z**3/3 - 76*z**2 + 6206*z - 1. Calculate q(-21).
16
Let s(k) = 5*k**3 + 2*k**2 - 7*k. Let r(p) = 644*p + 1929. Let y be r(-3). Give s(y).
-96
Let k be (-3)/((4/(-12))/(5/(2 - -3))). Let n(p) = -2*p + 5. What is n(k)?
-13
Let n(l) = 7*l + 8. Let f(c) = 66*c - 1732. Let r be f(26). Give n(r).
-104
Let u(q) = 2*q**3 - 3*q**2 + 2*q - 4. Let c(f) = 2*f**3 - 11*f**2 + f + 22. Let d be c(5). Let r be u(d). Let k(z) = 3*z + 3. Calculate k(r).
15
Suppose 7 = 4*i + 23. Let y be i*27/72*1*2. Let m(s) = -3*s**2 - 3*s + 4. Give m(y).
-14
Let m(d) = 5*d**2 + 11*d - 34. Let l(c) = -14*c**2 - 34*c + 99. Let n(f) = 6*l(f) + 17*m(f). Calculate n(7).
-54
Let x(l) be the third derivative of 4*l**2 + 3 + 0*l - 2/3*l**3 - 1/4*l**4 + 1/60*l**5. What is x(10)?
36
Let p(j) = -23*j - 135. Let s(y) = -13*y + 5. Let m(d) = -p(d) + 2*s(d). Determine m(44).
13
Suppose -3*q - 32 = -2*p, 0 = p + 8*q - 4*q + 6. Let s(g) = -g - p + 2 + 8 + 2 + 5. Determine s(4).
3
Let o(w) = 0*w - 2*w - 5209 - 2*w**2 + 5213 - 2*w. Give o(-4).
-12
Suppose 0 = 4*b - p - 11, -5*b - 7*p + 12 = -10*p. Let h(z) be the second derivative of 11*z + 0 + 1/12*z**4 - 1/2*z**2 + 1/2*z**b. What is h(-4)?
3
Let r(c) = -126*c**2 + 118*c - 169. Let h(n) = -205*n**2 + 196*n - 282. Let v(i) = 8*h(i) - 13*r(i). What is v(15)?
1
Let c be (2/2)/(6/48). Let d(m) = -25*m - 31. Let s(i) = 3*i + 6. Let o(b) = -d(b) - 8*s(b). What is o(c)?
-9
Let a(v) = v**3 + 6*v**2 + 3. Let j be -1 + 49 + -1 + 5. Let q = 43 - j. Let f = q + 3. What is a(f)?
3
Suppose 4 = -2*n + 14. Suppose k - 2 = -0*k, 0 = 5*v - n*k - 35. Let z(h) be the first derivative of h**2/2 - 4*h + 1. What is z(v)?
5
Let h = 355 - 340. Let a(m) = m + 12 + 13 + 5 - 47 + h. Calculate a(-2).
-4
Let h(d) = -2*d**3 + d**2 + d - 4. Let c = 2541 - 2539. Determine h(c).
-14
Suppose 0 = -4*n + 4*h - 32, -5*h + 57 = -4*n + 29. Let u be (44/n)/(3/9). Let l(t) = -t**3 - 10*t**2 + 12*t + 12. What is l(u)?
1
Let h(j) be the first derivative of -4*j**3 - j**2/2 + j + 73. Suppose 3*b - 31 = z, -3*b + 29 = -3*z + 4*z. Suppose -11 + b = -t. Give h(t).
-12
Let i(f) be the first derivative of 2*f**2 + 0*f**3 + 1/20*f**5 + 9*f - 1/12*f**4 + 13. Let o(v) be the first derivative of i(v). What is o(0)?
4
Let d be 228/72 - 1/6. Suppose 4*o - 7*n = -d*n - 40, 2*o + n = -14. Let k(j) = -j**2 - 1131 - 7*j + 2300 - 1168. Calculate k(o).
-7
Let c(k) = k**2 + 14*k - 15. Let v be (((-32)/(-28))/1)/(344/(-56) - -6). Give c(v).
-63
Let c(m) = 43 - 20 - 6*m - 24. Let i(f) = f**2 + 13*f - 663. Let g be i(-33). Give c(g).
17
Let z(t) be the third derivative of -19*t**5/60 + t**4/24 - t**3/6 + 1164*t**2 - 1. Determine z(-2).
-79
Let t(g) = -g**2 + 11*g + 8. Suppose 5*d + 130 = 25. Let s be (-25)/60*d - 1/(-4). Calculate t(s).
26
Let h(c) = -10*c - 35. Let i be h(-4). Let n(r) = 6*r + 12. Determine n(i).
42
Let s(l) = -l**3 + 4*l**2 + l - 2. Let t(p) = p**2 - 37*p + 105. Let k be t(34). Suppose g = -k*w - 6, -g - 5*w = -5*g + 27. What is s(g)?
10
Let o(z) = 2*z - 2. Let w(l) = -5*l + 13. Let d(m) = -19*m + 54. Let j(t) = 6*d(t) - 26*w(t). Let r(k) = 6*j(k) - 44*o(k). Give r(3).
28
Let r = 62 - 62. Suppose -26*p + 23 + 107 = r. Let i(a) be the second derivative of -a**4/12 + a**3/3 - 5*a**2/2 + a. Determine i(p).
-20
Let y(q) = q**3 - 31*q**2 - 36*q + 57. Let x be y(32). Let s = 71 + x. Let h(d) = d + 0*d + 1 - 9. What is h(s)?
-8
Let j(x) be the first derivative of -x**3/3 - 39*x**2/2 - 225*x + 3252. Determine j(-7).
-1
Let u(a) = -4*a**2 + 2*a - 15. Let m(v) = 2*v**2 + 7. Let f(i) = 5*m(i) + 3*u(i). Determine f(3).
-10
Let c be (205 - 203)*(2 - 1). Let j(o) = -3*o**2 + 62*o - 126. What is j(c)?
-14
Let h(x) = 33 - 406*x + 395*x - 35. Let c(s) = 7*s + 2. Let r(q) = -3*c(q) - 2*h(q). Let n be 1/(-2) - 10/4. Give r(n).
-5
Let j(r) be the second derivative of -r**6/24 + r**5/60 - 9*r**2 + r + 19. Let y(g) be the first derivative of j(g). Determine y(1).
-4
Let d be (-3 + 2)/(478/34 - 14). Let w(k) = k**3 + 15*k**2 - 35*k - 24. What is w(d)?
-7
Let b(p) be the second derivative of -p**5/5 + p**3/6 + 53*p + 86. Let j(k) = k**3 - k**2 + k + 1. Let i be j(0). What is b(i)?
-3
Let h = -3510 - -3523. Let j(n) = 5*n - 72. Calculate j(h).
-7
Let h(r) be the second derivative of -r**5/20 - r**2/2 + r. Let m(j) = -j**2 - 14*j - 24. Suppose 2*o - 15 = -19. Let z be m(o). Calculate h(z).
-1
Let u(k) = -4*k + 21. Let t(b) = b**2 + 12*b - 7. Let h be t(-13). Let p be u(h). Let l(n) = -n**3 - 3*n**2 - 4*n - 3. Give l(p).
9
Let y(n) = n - 19. Let w(r) = -r + 21. Let q(m) = -6*w(m) - 7*y(m). Give q(14).
-7
Let q(h) = -h**3 - 16*h**2 - 2*h + 6. Suppose 3*d = -5*r - 68, 3*d - d = 3*r - 20. Give q(d).
38
Let p(k) = k**2 + 17*k + 60. Let b be p(-12). Let f(l) = l**3 + 5*l**2 - 6*l + 15. Let t(x) = x**2 - x. Let n(r) = -f(r) + 6*t(r). Give n(b).
-15
Let j(i) be the third derivative of -i**5/60 + 7*i**4/8 - 19*i**3/6 + 54*i**2. Let g(f) = -f - 1. Let o(r) = -2*g(r) - j(r). Calculate o(18).
3
Let v(t) be the second derivative of -t**3/3 - 3*t**2/2 + 151*t. Calculate v(0).
-3
Suppose -5*h + 17 = 3*t, 3*h + 20 = 4*t + 7. Suppose 871*s - 872*s = -t. Let p(v) be the second derivative of -5*v**3/6 - 3*v**2/2 - v. What is p(s)?
-23
Let c(u) be the first derivative of -u**4/4 - u**3/3 + 5*u**2 + 2*u + 652. Calculate c(-3).
-10
Let f(u) = 3*u + 1. Let p be 2/((68/(-12) - -4) + 1). Let d be 1 - (-3 - p - -4). Give f(d).
-8
Suppose 56*p + 40 = 52*p + 4*m, 5*m = -4*p - 40. Let q(o) = o**3 + 11*o**2 + 9*o - 12. Determine q(p).
-2
Let w(o) = o + 2*o + 2*o + 1. Suppose -12120 = -21*u - 24032 + 12038. Calculate w(u).
31
Let f(x) = -2*x**3 - 18*x**2 - 10*x - 15. Let z(g) = 7*g**2 - 190*g - 176. Let s be z(28). Calculate f(s).
-63
Let b(n) be the first derivative of 5*n**2/2 + 1. Let i = -246 + 341. Let x be (4/10)/((-38)/i). Calculate b(x).
-5
Let y(a) = -10*a - 151. Suppose -222 + 46 = 14*z - 3*z. Calculate y(z).
9
Let z(y) = y**3 + 7*y**2 - 18*y + 6. Suppose -258 = 42*o + 120. What is z(o)?
6
Suppose 5*u + 7 = 2*i - 7, -2*u = -2*i + 2. Suppose -5*m - 5 = -5*p, -7 = -5*p + m + 18. Let d(c) = -4 - 3*c + 8*c - p*c. Calculate d(i).
-1
Let l(d) = -6751*d**3 - 15*d**2 - 8*d - 22 + 27*d**2 - 4*d + 6752*d**3. What is l(-13)?
-35
Let n(l) = -21*l**2 - 135*l - 16. Let c(p) = -18*p**2 - 135*p - 21. Let m(r) = -4*c(r) + 5*n(r). Give m(-4).
16
Let x(o) = -o**2 -